x) = 3*l(x) - 4*m(x). What is p(-5)?
-10
Suppose 0*g - 2*d + 4 = 5*g, 0 = -2*g + 4*d - 8. Let h(n) = g - n - 1 - 3. Give h(-7).
3
Let g(p) = -3*p**2 + 2*p + 7. Let y(o) = 7*o**2 - 5*o - 15. Let j(u) = 5*g(u) + 2*y(u). Determine j(0).
5
Let h(m) be the second derivative of 1/12*m**4 - 2/3*m**3 + 0 + 2*m**2 - 3*m. What is h(4)?
4
Let d = 96 - 97. Let v(i) = 3*i**3 - i**2 + 1. What is v(d)?
-3
Let c be 2 - (-4 - -5 - -1). Suppose 2*g + 5*b = -3, 3*g = -c*g + 5*b + 8. Let u(m) = 2*m - 4*m**2 - 2*m**2 - 1 + 4*m**2. Give u(g).
-1
Let w(z) = -1. Let m = -2 + 6. Let o(s) = -1 + s - m*s + 2*s. Let d(a) = -4*o(a) + 4*w(a). Calculate d(1).
4
Suppose 3*o + 14 = -t, -14 = 5*t - o + 2*o. Let r(b) = 2*b**2 + 3*b + 1. Determine r(t).
3
Let j(m) = -3*m + 3. Let n = 22 - 20. Let p = 4 - n. Determine j(p).
-3
Let z(o) = 6 - 10 - o + 5 + 3*o**2. Determine z(-2).
15
Let r(y) = -4*y**2 + y - 1. Let t(c) = 2*c**3 - 2*c + 1. Let p be t(1). Give r(p).
-4
Suppose -s - 5 = 0, -3*p + 5*p = 4*s + 20. Suppose z = -p*z + 10. Suppose r + r = -z. Let q(w) = -w**2 - 4*w. Give q(r).
-5
Let r(l) = -7*l**2 - 7*l - 11. Let g(x) = -x**2 - x - 1. Let f(m) = -6*g(m) + r(m). Determine f(0).
-5
Let f be 0 - (-3)/3 - 1. Suppose f = 2*n + n - 6. Let r(w) = 4*w**2 - 2*w**n - 5*w - w**2 + 6. Calculate r(5).
6
Let n(j) be the second derivative of j**4/12 - j**3 + 2*j**2 + 3*j. Give n(4).
-4
Let q(z) = z**3 - 5*z**2 + 3*z + 4. Let o = 8 + -5. Let u be ((-8)/o)/((-4)/6). Suppose -14 = -u*c - 2. Give q(c).
-5
Let t(f) be the third derivative of 1/3*f**3 + 0*f + 10*f**2 + 0 - 1/12*f**4 - 1/120*f**6 + 0*f**5. Let m(w) = -w. Let d be m(-2). Calculate t(d).
-10
Let p(k) = -20*k**3 + 8*k**2 + 14*k - 20. Let r(j) = -7*j**3 + 3*j**2 + 5*j - 7. Let o(s) = -6*p(s) + 17*r(s). Calculate o(-3).
-2
Let z(t) be the third derivative of -t**6/120 + t**5/30 - t**4/24 + 2*t**3/3 + 2*t**2 + 35. What is z(3)?
-8
Suppose -3*g - 2*g = 0. Let h(j) be the second derivative of j**4/12 - j**3/6 - 15*j. Determine h(g).
0
Let z(j) = 5*j + 10. Let k be z(-3). Let f(r) = -r**3 - 4*r**2 + 6*r + 6. Calculate f(k).
1
Let t(a) = -a**2 + 7*a - 7. Let h be t(5). Let v(x) = 2 - 1 - x**h - x**2 + x**2. Give v(2).
-7
Let w(i) = i**2 + 7*i - 4. Let v be w(-7). Let c be v/(-3) + 1/(-3). Let o(r) = 0 - c + r**2 + 4 - 3*r. Give o(3).
3
Suppose -5*c + 21 = -4. Let w(d) = -d**3 + 4*d**2 + 8*d - 7. Give w(c).
8
Let q(y) = 4*y**3 - 2*y**2 - 2*y + 9. Let t(x) = 11*x**3 - 7*x**2 - 6*x + 26. Let b(n) = 8*q(n) - 3*t(n). Let s be 6/4*20/6. What is b(s)?
4
Let k be (4 + -1)/((-57)/95). Let s(l) = -l - 1. Give s(k).
4
Let i(j) be the first derivative of j**7/840 - j**6/180 - j**5/60 + j**4/12 - 2*j**3/3 - 2. Let c(m) be the third derivative of i(m). Determine c(3).
5
Let p = -53 + 57. Let l(n) be the third derivative of 0 + 0*n - 1/24*n**p + 4*n**2 + 1/3*n**3. Calculate l(0).
2
Let q(l) = -5*l + 1. Suppose -2*m + 4*m - 10 = 0. Suppose c + b = 3*c - m, 0 = 4*b + 4. Give q(c).
-9
Let p = -5 + 5. Suppose -2*v + v - 6 = p. Let l(u) = -u - 2. Let c be l(v). Let h(f) = -f - 1. What is h(c)?
-5
Let l(m) = -m**3 - 10*m**2 - 7*m + 8. Let c(z) = -z**3 - 10*z**2 - 7*z + 8. Let b(h) = 7*c(h) - 6*l(h). What is b(-9)?
-10
Let p(w) = -w**2 + 6*w - 9. Let q(z) = -z - 5. Let i be q(-11). Give p(i).
-9
Let q(v) = v + 1. Let o = -93 - -98. Give q(o).
6
Let i(n) = n**2 - 17*n + 14. Let o be i(16). Let g(h) = 7*h + 1. What is g(o)?
-13
Let s(o) = o**3 + 3*o**2 - 4*o - 3. Let l be s(-3). Suppose 5*z - l = c, 1 = -3*c + 3*z - 2. Let b(v) = v**2 - c + 4*v**2 + 2*v - 6*v**2 + v**3. Calculate b(2).
7
Let c be 2/5 + 116/10. Suppose -n + c = 2*n. Let l(q) = 2 - 4 - 5 - q + n. Determine l(-5).
2
Let v = -48 + 45. Let a(y) = -2*y**2 + 4*y**3 + 6 - 5*y**3 + 5*y - 4. What is a(v)?
-4
Let t = -5 + 1. Let f(b) = 4*b + 1. Let d(q) = -q. Let x(o) = 5*d(o) + f(o). Give x(t).
5
Let r(u) = -4*u + 13. Let j(a) = 5*a - 14. Let t(i) = 3*j(i) + 4*r(i). Give t(8).
2
Let k(f) be the first derivative of 2*f**3 - 2*f**2 - 3*f + 44. What is k(-2)?
29
Let h(s) = -s**2 + 5*s + 10. Let r(a) = -a**3 - 4*a**2 + 2*a + 15. Let w be r(-4). Give h(w).
-4
Let o be 118/8 + -7 + (-1)/(-4). Let x(t) = t**2 - 10*t + 7. Determine x(o).
-9
Let j(m) = 1 - 5*m + 2*m**2 + 0*m - 5. Let d be 270/60 + 1/(-2). Give j(d).
8
Let x(j) be the first derivative of -1/2*j**2 - 3 - j. Let t = 11 + -6. Calculate x(t).
-6
Let z(d) = 2*d**2 + 7*d - 23. Let w(a) = a**2 + 4*a - 12. Let h(b) = 5*w(b) - 3*z(b). Let l(m) be the first derivative of h(m). Calculate l(-3).
5
Let i(g) = 6*g + 1. Let x be (4 - 6/3)/(-2). Suppose 0 = -0*w - 5*w. Let j = x + w. Calculate i(j).
-5
Let s(m) = -m - 3. Let h be s(-6). Suppose k - 6*k + 16 = -h*v, 0 = 5*k - 25. Let y(z) = -1 - 2*z + 1 - 1. What is y(v)?
-7
Let q(t) = -6*t**2 + 2*t + 1. Suppose 4*d + 2 = -2. Give q(d).
-7
Let r(a) = a - 8. Let l be r(4). Let t(n) be the first derivative of -5*n - 3 + 1/3*n**3 + 3/2*n**2. What is t(l)?
-1
Suppose u + 1 = 0, 0*b - 4 = -b + 3*u. Let r(j) = j**2 + 4*j**2 + 3*j**3 - 6*j**2. Determine r(b).
2
Let w = -11 - -4. Let p(u) = u**2 + 7*u - 4. Let n be p(w). Let o(m) = 13*m - 1. Let k(r) = -7*r + 1. Let b(c) = -11*k(c) - 6*o(c). Calculate b(n).
-1
Let n(d) = 2*d + 19. Let s be n(-10). Let f(p) be the third derivative of -p**4/12 - 6*p**2. Determine f(s).
2
Let u(f) = -3*f + 3. Let m(v) = 4*v - 4. Let s(z) = 5*m(z) + 6*u(z). Let d = -4 + 1. Give s(d).
-8
Let i = 1 - -1. Let g(y) = -2*y - 5*y + 3 + 0*y + y. Determine g(i).
-9
Let c(g) = 2*g**2 - 4*g - 4. Let x be 8/6*(-3)/(-2). Let i be (x - 0)*(-6)/(-3). Calculate c(i).
12
Let s = 22 + -22. Let h(i) = -i**3 + i**2 + i + 4. Give h(s).
4
Let f(l) = -5*l + 7. Let r(m) = 11*m - 15. Let g(h) = -13*f(h) - 6*r(h). Let z be g(-6). Let a(w) = w**2 - 5*w + 3. Determine a(z).
3
Let r(a) = a**3 + 2*a**2 - 2*a - 3. Suppose 5*b - 27 = -3*d - 10, -b + 2*d = -6. Suppose b*y - 12 = 8*y. Calculate r(y).
-6
Suppose 2*w + 4*a = 4, -w + 3 = 4*w + 3*a. Let n(d) = d + w*d + 9*d - 1. Let u = 0 + 1. What is n(u)?
9
Let g(t) = t**2 + 7*t + 5. Let q(n) = n + 2. Let r be q(-8). What is g(r)?
-1
Let w(v) = -1 - 3*v**2 + 2*v**2 + 0. Suppose -11 = -3*n - 2. Calculate w(n).
-10
Let f(o) = -o**2 - 7*o - 2. Let w(a) = a - 1. Let u(y) = f(y) + w(y). What is u(-4)?
5
Let r(a) be the third derivative of -a**4/12 + 11*a**3/6 + 2*a**2. Let z be r(8). Let s(x) = x**2 + 3*x - 6. Give s(z).
4
Suppose -8 = -4*j + 3*y + y, 19 = 2*j + y. Let v(u) = -1 + j - 2*u + 1 - 5. Suppose 5*a = 4*a + 2. Determine v(a).
-2
Let d(u) = -2*u + 0*u**2 + u**3 + u - 2 + u**2 + 1. Let l(m) = -5*m**3 + m**2 + 3*m + 4. Let x(f) = 4*d(f) + l(f). Give x(5).
-5
Let p(c) = -7*c + 2 + c**2 - 5 - 2*c**2 - 1. Let l be p(-5). Let x(g) = -g**2 + 4*g + 5. Give x(l).
-7
Let q(m) be the third derivative of m**4/24 + m**3 + 7*m**2. Give q(0).
6
Let i(k) be the second derivative of k**6/720 - k**5/30 - k**4/12 - 2*k. Let w(p) be the third derivative of i(p). Calculate w(0).
-4
Let v(i) be the second derivative of 1/12*i**4 + 1/6*i**3 + i**2 + 0 - i. Determine v(-3).
8
Let h(j) = 44 - 23 - 21 + j. Determine h(9).
9
Let j(x) = 5*x**2 + 37*x - 3. Let v be (-3 + -3)*(-6)/4. Let z(g) = -g**2 - 9*g + 1. Let b(d) = v*z(d) + 2*j(d). Calculate b(5).
-7
Suppose -2*v - 12 = -16. Let z(o) = o**3 - 2*o**2 + o + 1. Give z(v).
3
Let b(j) be the third derivative of j**6/120 - j**5/12 - j**4/4 - j**3/3 - j**2. Calculate b(6).
-2
Let c(y) be the first derivative of y**2/2 + 3*y - 2. Suppose -u + 4 = -3*v, 2*u + v - 8 = 5*v. Calculate c(u).
7
Suppose 0*d - 27 = 4*n - 3*d, -8 = n - d. Let c be (-2 - n) + -2 - 0. Let z(j) = 2 + 8*j - 1 - 11*j + 0. What is z(c)?
4
Let y(z) be the second derivative of -1/24*z**4 + 0 + 0*z**2 - 1/6*z**3 - 1/72*z**6 + 0*z**5 + z. Let i(n) be the second derivative of y(n). Calculate i(1).
-6
Let a be 3*136/144 + 2/12. Let w(k) = -3*k**2 + 3*k + 4. Give w(a).
-14
Let i(k) = -k**3 + 7*k**2 + 9*k - 12. Let f be i(8). Let s(x) = x + 3. What is s(f)?
-1
Let k = 3 - 8. Let r(y) = y + 2. Determine r(k).
-3
Let w(f) = 5*f + 13. Let u(c) = 3*c + 7. Let b(m) = -11*u(m) + 6*w(m). Let n be b(2). Let g(y) = -y**3 - 5*y**2 + y + 6. What is g(n)?
1
Let t = -4 - -9. Suppose -1 = -2*k + t. Let f(r) = r**3 - 2*r**2 - 4*r. Determine f(k).
-3
Let k(u) = u**3 + 3*u**2 - 2*u - 1. Let r(s) = 3*s*